e
Is 3749702880 a multiple of 6072?
True
Does 5 divide 28395920?
True
Is 577 a factor of 77226257?
True
Is 20571720 a multiple of 156?
True
Is 623047932 a multiple of 52?
True
Is 62890783 a multiple of 38?
False
Is 596 a factor of 146771304?
False
Is 24471396 a multiple of 81?
True
Does 240 divide 59140800?
True
Is 5521 a factor of 1314978515?
False
Does 340 divide 78208840?
True
Is 170238530 a multiple of 70?
True
Is 2232532010 a multiple of 52?
False
Does 101 divide 20697944?
False
Is 353 a factor of 13956208?
True
Is 43953911 a multiple of 694?
False
Does 3 divide 555503946?
True
Is 6700453 a multiple of 106?
False
Does 5 divide 212236811?
False
Is 398 a factor of 68515302?
True
Does 7 divide 393226260?
True
Does 1212 divide 1048582404?
True
Is 2820705896 a multiple of 683?
False
Is 2941 a factor of 764833519?
True
Is 209538994 a multiple of 65?
False
Is 75224638 a multiple of 214?
True
Does 56 divide 37143399?
False
Is 83704427 a multiple of 17?
False
Is 355166890 a multiple of 26?
True
Does 8 divide 466692832?
True
Does 44 divide 15620924?
True
Is 7746378 a multiple of 8?
False
Is 119176218 a multiple of 2034?
False
Does 1979 divide 190963335?
False
Is 39241800 a multiple of 13?
True
Is 11 a factor of 859073490?
True
Is 1232 a factor of 4783890496?
True
Does 46 divide 15780622?
True
Does 456 divide 1294871280?
True
Is 1047719 a multiple of 75?
False
Is 35591883 a multiple of 268?
False
Is 517442775 a multiple of 10?
False
Does 27 divide 47950177?
False
Is 53 a factor of 85344257?
True
Is 179376111 a multiple of 6107?
False
Does 8 divide 60460387?
False
Does 99 divide 33993403?
False
Does 686 divide 3891678?
True
Is 48699854 a multiple of 77?
False
Does 390 divide 1322394?
False
Does 162 divide 3225895?
False
Is 17874192 a multiple of 112?
True
Does 477 divide 53804634?
False
Does 260 divide 18878600?
True
Does 304 divide 1866707440?
True
Is 2060 a factor of 117354080?
True
Is 4510828 a multiple of 139?
True
Is 579 a factor of 45149496?
False
Is 55588115 a multiple of 341?
True
Is 91608726 a multiple of 243?
False
Is 1607 a factor of 150558223?
True
Does 8 divide 739658544?
True
Is 53 a factor of 15626454?
False
Is 5 a factor of 54943239?
False
Does 2990 divide 120251454?
False
Does 5 divide 43574077?
False
Is 17 a factor of 476201549?
False
Does 69 divide 1201290?
True
Is 540197802 a multiple of 347?
True
Does 73 divide 272395266?
True
Is 229 a factor of 19675909?
True
Is 118989000 a multiple of 8?
True
Does 33 divide 1008651699?
True
Does 2175 divide 409785225?
True
Does 1305 divide 195911820?
True
Is 48 a factor of 412422917?
False
Does 3 divide 3313074?
True
Does 13 divide 216954876?
False
Does 1809 divide 6889532?
False
Is 8438690 a multiple of 2336?
False
Does 1970 divide 70617023?
False
Does 9 divide 9300340?
False
Is 3 a factor of 24510232?
False
Is 53068403 a multiple of 169?
False
Is 17974076 a multiple of 19?
True
Does 108 divide 190868832?
True
Does 34 divide 46040398?
False
Is 114 a factor of 71948592?
True
Is 111 a factor of 195683227?
False
Is 331 a factor of 22555905?
False
Does 10 divide 147495410?
True
Does 1713 divide 220694712?
False
Is 48676664 a multiple of 306?
False
Is 221 a factor of 220067562?
False
Does 5 divide 5726290?
True
Is 88 a factor of 287751505?
False
Is 4040 a factor of 510464633?
False
Does 70 divide 5181820?
True
Is 368 a factor of 236682512?
True
Is 447 a factor of 9782100?
False
Does 15 divide 13252740?
True
Does 2304 divide 168750734?
False
Does 1549 divide 246311137?
True
Is 328 a factor of 697397864?
True
Does 5 divide 1652867?
False
Does 96 divide 114352362?
False
Does 6 divide 89969160?
True
Is 221 a factor of 18848385?
False
Does 273 divide 34805589?
True
Is 8 a factor of 5138536?
True
Does 5519 divide 827899728?
False
Does 13 divide 189169201?
True
Does 360 divide 45837720?
True
Does 17 divide 460102?
False
Is 1042935177 a multiple of 28?
False
Is 203457807 a multiple of 48?
False
Is 1393 a factor of 95482860?
False
Does 1168 divide 136420312?
False
Is 6514251 a multiple of 114?
False
Is 21 a factor of 174867?
True
Is 12 a factor of 6171396?
True
Is 3869 a factor of 143013716?
True
Does 12 divide 58133942?
False
Is 160 a factor of 931772320?
True
Does 23 divide 1084577006?
True
Is 23 a factor of 2956900661?
False
Is 943641230 a multiple of 2165?
True
Is 250197277 a multiple of 11?
True
Is 259 a factor of 24827740?
True
Does 96 divide 3467162790?
False
Does 22 divide 6763993?
False
Does 16 divide 314581344?
True
Is 43 a factor of 8328620?
False
Is 49 a factor of 37408?
False
Is 15 a factor of 13946790?
True
Is 532755230 a multiple of 5017?
True
Is 573 a factor of 628079052?
True
Does 6 divide 4996974?
True
Is 11208134 a multiple of 119?
True
Is 26728475 a multiple of 9?
False
Does 344 divide 61791987?
False
Does 141 divide 37121634?
True
Does 36 divide 187374136?
False
Is 389022197 a multiple of 1824?
False
Does 102 divide 8531500?
False
Does 10 divide 21756886?
False
Is 9 a factor of 1527836162?
False
Does 33 divide 17868642?
True
Is 94806803 a multiple of 91?
True
Is 116580474 a multiple of 26?
False
Is 18876552 a multiple of 13?
False
Is 83877040 a multiple of 260?
True
Is 113 a factor of 24311498?
True
Does 35 divide 50556733?
False
Is 1405 a factor of 238426219?
False
Is 123 a factor of 743704851?
False
Does 76 divide 635743329?
False
Does 11 divide 21512865?
True
Does 6 divide 15938299?
False
Does 164 divide 166735028?
True
Does 494 divide 66390636?
True
Does 670 divide 836492444?
False
Is 37 a factor of 1731736327?
False
Is 42556286 a multiple of 666?
False
Is 1045 a factor of 470112060?
True
Does 29 divide 36568710?
True
Does 1416 divide 809348201?
False
Does 11 divide 173324723?
True
Does 37 divide 4613530?
True
Is 24 a factor of 131040?
True
Is 1384707500 a multiple of 2500?
True
Does 670 divide 87213879?
False
Is 128 a factor of 895776847?
False
Is 30463620 a multiple of 4?
True
Is 71411545 a multiple of 2037?
False
Is 155308969 a multiple of 9?
False
Is 43507579 a multiple of 833?
False
Is 92 a factor of 123701532?
False
Does 33 divide 283347861?
False
Does 9 divide 10746047?
False
Is 209788078 a multiple of 474?
False
Is 27067321 a multiple of 1842?
False
Does 21 divide 15597876?
True
Does 4311 divide 204684230?
False
Is 81456690 a multiple of 3570?
True
Is 16 a factor of 198215408?
True
Does 45 divide 136104581?
False
Is 8 a factor of 2805376?
True
Is 20 a factor of 2106547467?
False
Does 1426 divide 1320628582?
True
Is 41 a factor of 887832109?
False
Is 28 a factor of 1340584?
True
Is 1335035592 a multiple of 65?
False
Does 76 divide 3842104?
True
Does 4 divide 18013021?
False
Is 1338327357 a multiple of 3082?
False
Is 129 a factor of 4447920?
True
Is 1964277 a multiple of 171?
True
Is 466 a factor of 62740376?
True
Is 870938 a multiple of 4?
False
Does 69 divide 620146263?
True
Is 3243541923 a multiple of 3166?
False
Does 3 divide 47535936?
True
Does 263 divide 317773006?
False
Does 529 divide 90875948?
False
Is 2971 a factor of 7570276?
False
Does 26 divide 7086612?
True
Does 9 divide 50440167?
True
Is 1988 a factor of 81728103?
False
Is 2342873400 a multiple of 3327?
True
Is 77 a factor of 993013279?
False
Does 17 divide 257380250?
False
Is 378 a factor of 503777073?
False
Is 492 a factor of 342593868?
True
Is 2 a factor of 84172153?
False
Is 145 a factor of 14230104?
False
Does 2489 divide 40273594?
False
Does 10 divide 189033136?
False
Is 114 a factor of 114406367?
False
Is 147755193 a multiple of 44?
False
Is 58700848 a multiple of 164?
True
Is 7 a factor of 4682439?
False
Is 15254592 a multiple of 2?
True
Is 5 a factor of 529959717?
False
Does 5 divide 430986840?
True
Does 19 divide 219554975?
True
Is 39 a factor of 33615075?
True
Is 7754127 a multiple of 9?
False
Is 949 a factor of 16731174?
False
Is 81181845 a multiple of 74?
False
Does 2297 divide 1509527682?
False
Is 1425608350 a multiple of 9312?
False
Is 76 a factor of 1207124?
False
Is 91807095 a multiple of 15?
True
Is 570647625 a multiple of 129?
True
Is 8522 a factor of 1776436466?
True
Is 130 a factor of 47422712?
False
Does 12 divide 3134484?
True
Is 4688 a factor of 233424261?
False
Is 373529464 a multiple of 308?
True
Does 599 divide 8205701?
True
Is 2528 a factor of 227370848?
True
Is 992806960 a multi